{"id":1423,"date":"2024-01-18T14:50:55","date_gmt":"2024-01-18T14:50:55","guid":{"rendered":"https:\/\/toutaballouta.com\/?page_id=1423"},"modified":"2026-03-17T13:04:09","modified_gmt":"2026-03-17T13:04:09","slug":"elementor-1423","status":"publish","type":"page","link":"https:\/\/toutaballouta.com\/?page_id=1423&lang=pt","title":{"rendered":"Menu &#8211; PT"},"content":{"rendered":"\t\t<div data-elementor-type=\"wp-page\" data-elementor-id=\"1423\" class=\"elementor elementor-1423\">\n\t\t\t\t\t\t\t\t\t<section class=\"elementor-section elementor-top-section elementor-element elementor-element-91ba8b1 elementor-section-boxed elementor-section-height-default elementor-section-height-default\" data-id=\"91ba8b1\" data-element_type=\"section\" data-settings=\"{&quot;background_background&quot;:&quot;classic&quot;}\">\n\t\t\t\t\t\t\t<div class=\"elementor-background-overlay\"><\/div>\n\t\t\t\t\t\t\t<div class=\"elementor-container elementor-column-gap-no\">\n\t\t\t\t\t<div class=\"elementor-column elementor-col-100 elementor-top-column elementor-element elementor-element-e3543b8\" data-id=\"e3543b8\" data-element_type=\"column\">\n\t\t\t<div class=\"elementor-widget-wrap elementor-element-populated\">\n\t\t\t\t\t\t\t\t<div class=\"elementor-element elementor-element-dafce1c elementor-widget elementor-widget-heading\" data-id=\"dafce1c\" data-element_type=\"widget\" data-widget_type=\"heading.default\">\n\t\t\t\t<div class=\"elementor-widget-container\">\n\t\t\t<style>\/*! elementor - v3.18.0 - 20-12-2023 *\/\n.elementor-heading-title{padding:0;margin:0;line-height:1}.elementor-widget-heading .elementor-heading-title[class*=elementor-size-]>a{color:inherit;font-size:inherit;line-height:inherit}.elementor-widget-heading .elementor-heading-title.elementor-size-small{font-size:15px}.elementor-widget-heading .elementor-heading-title.elementor-size-medium{font-size:19px}.elementor-widget-heading .elementor-heading-title.elementor-size-large{font-size:29px}.elementor-widget-heading .elementor-heading-title.elementor-size-xl{font-size:39px}.elementor-widget-heading .elementor-heading-title.elementor-size-xxl{font-size:59px}<\/style><h1 class=\"elementor-heading-title elementor-size-default\">nosso menu<\/h1>\t\t<\/div>\n\t\t\t\t<\/div>\n\t\t\t\t<div class=\"elementor-element elementor-element-ac88552 elementor-widget elementor-widget-text-editor\" data-id=\"ac88552\" data-element_type=\"widget\" data-widget_type=\"text-editor.default\">\n\t\t\t\t<div class=\"elementor-widget-container\">\n\t\t\t<style>\/*! elementor - v3.18.0 - 20-12-2023 *\/\n.elementor-widget-text-editor.elementor-drop-cap-view-stacked .elementor-drop-cap{background-color:#69727d;color:#fff}.elementor-widget-text-editor.elementor-drop-cap-view-framed .elementor-drop-cap{color:#69727d;border:3px solid;background-color:transparent}.elementor-widget-text-editor:not(.elementor-drop-cap-view-default) .elementor-drop-cap{margin-top:8px}.elementor-widget-text-editor:not(.elementor-drop-cap-view-default) .elementor-drop-cap-letter{width:1em;height:1em}.elementor-widget-text-editor .elementor-drop-cap{float:left;text-align:center;line-height:1;font-size:50px}.elementor-widget-text-editor .elementor-drop-cap-letter{display:inline-block}<\/style>\t\t\t\t<p>Oferecemos um menu sazonal que apresenta a frescura dos ingredientes locais e incorpora produtos libaneses artesanais de alta qualidade.<\/p>\t\t\t\t\t\t<\/div>\n\t\t\t\t<\/div>\n\t\t\t\t<div class=\"elementor-element elementor-element-4f27047 elementor-widget-divider--view-line elementor-widget elementor-widget-divider\" data-id=\"4f27047\" data-element_type=\"widget\" data-widget_type=\"divider.default\">\n\t\t\t\t<div class=\"elementor-widget-container\">\n\t\t\t<style>\/*! elementor - v3.18.0 - 20-12-2023 *\/\n.elementor-widget-divider{--divider-border-style:none;--divider-border-width:1px;--divider-color:#0c0d0e;--divider-icon-size:20px;--divider-element-spacing:10px;--divider-pattern-height:24px;--divider-pattern-size:20px;--divider-pattern-url:none;--divider-pattern-repeat:repeat-x}.elementor-widget-divider .elementor-divider{display:flex}.elementor-widget-divider .elementor-divider__text{font-size:15px;line-height:1;max-width:95%}.elementor-widget-divider .elementor-divider__element{margin:0 var(--divider-element-spacing);flex-shrink:0}.elementor-widget-divider .elementor-icon{font-size:var(--divider-icon-size)}.elementor-widget-divider .elementor-divider-separator{display:flex;margin:0;direction:ltr}.elementor-widget-divider--view-line_icon .elementor-divider-separator,.elementor-widget-divider--view-line_text .elementor-divider-separator{align-items:center}.elementor-widget-divider--view-line_icon .elementor-divider-separator:after,.elementor-widget-divider--view-line_icon .elementor-divider-separator:before,.elementor-widget-divider--view-line_text .elementor-divider-separator:after,.elementor-widget-divider--view-line_text .elementor-divider-separator:before{display:block;content:\"\";border-bottom:0;flex-grow:1;border-top:var(--divider-border-width) var(--divider-border-style) var(--divider-color)}.elementor-widget-divider--element-align-left .elementor-divider .elementor-divider-separator>.elementor-divider__svg:first-of-type{flex-grow:0;flex-shrink:100}.elementor-widget-divider--element-align-left .elementor-divider-separator:before{content:none}.elementor-widget-divider--element-align-left .elementor-divider__element{margin-left:0}.elementor-widget-divider--element-align-right .elementor-divider .elementor-divider-separator>.elementor-divider__svg:last-of-type{flex-grow:0;flex-shrink:100}.elementor-widget-divider--element-align-right .elementor-divider-separator:after{content:none}.elementor-widget-divider--element-align-right .elementor-divider__element{margin-right:0}.elementor-widget-divider:not(.elementor-widget-divider--view-line_text):not(.elementor-widget-divider--view-line_icon) .elementor-divider-separator{border-top:var(--divider-border-width) var(--divider-border-style) var(--divider-color)}.elementor-widget-divider--separator-type-pattern{--divider-border-style:none}.elementor-widget-divider--separator-type-pattern.elementor-widget-divider--view-line .elementor-divider-separator,.elementor-widget-divider--separator-type-pattern:not(.elementor-widget-divider--view-line) .elementor-divider-separator:after,.elementor-widget-divider--separator-type-pattern:not(.elementor-widget-divider--view-line) .elementor-divider-separator:before,.elementor-widget-divider--separator-type-pattern:not([class*=elementor-widget-divider--view]) .elementor-divider-separator{width:100%;min-height:var(--divider-pattern-height);-webkit-mask-size:var(--divider-pattern-size) 100%;mask-size:var(--divider-pattern-size) 100%;-webkit-mask-repeat:var(--divider-pattern-repeat);mask-repeat:var(--divider-pattern-repeat);background-color:var(--divider-color);-webkit-mask-image:var(--divider-pattern-url);mask-image:var(--divider-pattern-url)}.elementor-widget-divider--no-spacing{--divider-pattern-size:auto}.elementor-widget-divider--bg-round{--divider-pattern-repeat:round}.rtl .elementor-widget-divider .elementor-divider__text{direction:rtl}.e-con-inner>.elementor-widget-divider,.e-con>.elementor-widget-divider{width:var(--container-widget-width,100%);--flex-grow:var(--container-widget-flex-grow)}<\/style>\t\t<div class=\"elementor-divider\">\n\t\t\t<span class=\"elementor-divider-separator\">\n\t\t\t\t\t\t<\/span>\n\t\t<\/div>\n\t\t\t\t<\/div>\n\t\t\t\t<\/div>\n\t\t\t\t\t<\/div>\n\t\t<\/div>\n\t\t\t\t\t\t\t<\/div>\n\t\t<\/section>\n\t\t<div class=\"elementor-element elementor-element-6256d6d e-flex e-con-boxed e-con e-parent\" data-id=\"6256d6d\" data-element_type=\"container\" data-settings=\"{&quot;content_width&quot;:&quot;boxed&quot;}\" data-core-v316-plus=\"true\">\n\t\t\t\t\t<div class=\"e-con-inner\">\n\t\t\t\t<div class=\"elementor-element elementor-element-7af7587 elementor-widget elementor-widget-image\" data-id=\"7af7587\" data-element_type=\"widget\" data-widget_type=\"image.default\">\n\t\t\t\t<div class=\"elementor-widget-container\">\n\t\t\t<style>\/*! elementor - v3.18.0 - 20-12-2023 *\/\n.elementor-widget-image{text-align:center}.elementor-widget-image a{display:inline-block}.elementor-widget-image a img[src$=\".svg\"]{width:48px}.elementor-widget-image img{vertical-align:middle;display:inline-block}<\/style>\t\t\t\t\t\t\t\t\t\t\t\t<img fetchpriority=\"high\" decoding=\"async\" width=\"1004\" height=\"1432\" src=\"https:\/\/toutaballouta.com\/wp-content\/uploads\/2026\/03\/Touta-Menu-PT.png\" class=\"attachment-full size-full wp-image-1926\" alt=\"Touta Menu PT\" srcset=\"https:\/\/toutaballouta.com\/wp-content\/uploads\/2026\/03\/Touta-Menu-PT.png 1004w, https:\/\/toutaballouta.com\/wp-content\/uploads\/2026\/03\/Touta-Menu-PT-210x300.png 210w, https:\/\/toutaballouta.com\/wp-content\/uploads\/2026\/03\/Touta-Menu-PT-718x1024.png 718w, https:\/\/toutaballouta.com\/wp-content\/uploads\/2026\/03\/Touta-Menu-PT-768x1095.png 768w\" sizes=\"(max-width: 1004px) 100vw, 1004px\" \/>\t\t\t\t\t\t\t\t\t\t\t\t\t\t\t<\/div>\n\t\t\t\t<\/div>\n\t\t\t\t\t<\/div>\n\t\t\t\t<\/div>\n\t\t\t\t<section class=\"elementor-section elementor-top-section elementor-element elementor-element-d17da04 elementor-hidden-mobile elementor-section-boxed elementor-section-height-default elementor-section-height-default\" data-id=\"d17da04\" data-element_type=\"section\" data-settings=\"{&quot;background_background&quot;:&quot;classic&quot;}\">\n\t\t\t\t\t\t<div class=\"elementor-container elementor-column-gap-no\">\n\t\t\t\t\t<div class=\"elementor-column elementor-col-25 elementor-top-column elementor-element elementor-element-29a620a\" data-id=\"29a620a\" data-element_type=\"column\">\n\t\t\t<div class=\"elementor-widget-wrap elementor-element-populated\">\n\t\t\t\t\t\t\t\t<div class=\"elementor-element elementor-element-8a53831 elementor-widget__width-initial elementor-widget elementor-widget-heading\" data-id=\"8a53831\" data-element_type=\"widget\" data-widget_type=\"heading.default\">\n\t\t\t\t<div class=\"elementor-widget-container\">\n\t\t\t<h2 class=\"elementor-heading-title elementor-size-default\">Cozinha Livre<br><\/h2>\t\t<\/div>\n\t\t\t\t<\/div>\n\t\t\t\t<div class=\"elementor-element elementor-element-564c823 elementor-widget__width-initial elementor-widget elementor-widget-text-editor\" data-id=\"564c823\" data-element_type=\"widget\" data-widget_type=\"text-editor.default\">\n\t\t\t\t<div class=\"elementor-widget-container\">\n\t\t\t\t\t\t\t<p>&#8220;Cozinha livre&#8221; significa &#8220;cozinha de estilo livre&#8221;.<\/p><p>Num contexto culin\u00e1rio, refere-se geralmente a um estilo de cozinha que enfatiza a criatividade, a flexibilidade e a liberdade em rela\u00e7\u00e3o a tradi\u00e7\u00f5es culin\u00e1rias rigorosas.<\/p><p>A Cheffe Cynthia, que adopta a &#8220;Cozinha livre&#8221;, experimenta frequentemente ingredientes, t\u00e9cnicas e sabores para criar pratos \u00fanicos e inovadores.<\/p><p>Esta abordagem encoraja os chefes a romperem com regras r\u00edgidas e a expressarem a sua individualidade na cozinha.<\/p><p>Trata-se de explorar novas ideias e ultrapassar os limites das normas culin\u00e1rias tradicionais.<\/p>\t\t\t\t\t\t<\/div>\n\t\t\t\t<\/div>\n\t\t\t\t\t<\/div>\n\t\t<\/div>\n\t\t\t\t<div class=\"elementor-column elementor-col-25 elementor-top-column elementor-element elementor-element-9ebb379\" data-id=\"9ebb379\" data-element_type=\"column\">\n\t\t\t<div class=\"elementor-widget-wrap elementor-element-populated\">\n\t\t\t\t\t\t\t\t<div class=\"elementor-element elementor-element-22e476c elementor-widget elementor-widget-image\" data-id=\"22e476c\" data-element_type=\"widget\" data-widget_type=\"image.default\">\n\t\t\t\t<div class=\"elementor-widget-container\">\n\t\t\t\t\t\t\t\t\t\t\t\t\t\t\t<img decoding=\"async\" width=\"683\" height=\"1024\" src=\"https:\/\/toutaballouta.com\/wp-content\/uploads\/2024\/01\/andre.mata-5830-683x1024.jpg\" class=\"attachment-large size-large wp-image-1016\" alt=\"Salatet Malfouf\" srcset=\"https:\/\/toutaballouta.com\/wp-content\/uploads\/2024\/01\/andre.mata-5830-683x1024.jpg 683w, https:\/\/toutaballouta.com\/wp-content\/uploads\/2024\/01\/andre.mata-5830-200x300.jpg 200w, https:\/\/toutaballouta.com\/wp-content\/uploads\/2024\/01\/andre.mata-5830-768x1152.jpg 768w, https:\/\/toutaballouta.com\/wp-content\/uploads\/2024\/01\/andre.mata-5830-1024x1536.jpg 1024w, https:\/\/toutaballouta.com\/wp-content\/uploads\/2024\/01\/andre.mata-5830-1365x2048.jpg 1365w, https:\/\/toutaballouta.com\/wp-content\/uploads\/2024\/01\/andre.mata-5830-scaled.jpg 1707w\" sizes=\"(max-width: 683px) 100vw, 683px\" \/>\t\t\t\t\t\t\t\t\t\t\t\t\t\t\t<\/div>\n\t\t\t\t<\/div>\n\t\t\t\t<div class=\"elementor-element elementor-element-f68f407 elementor-widget elementor-widget-heading\" data-id=\"f68f407\" data-element_type=\"widget\" data-widget_type=\"heading.default\">\n\t\t\t\t<div class=\"elementor-widget-container\">\n\t\t\t<h6 class=\"elementor-heading-title elementor-size-default\">Salatet Malfouf <\/h6>\t\t<\/div>\n\t\t\t\t<\/div>\n\t\t\t\t<div class=\"elementor-element elementor-element-26dfce8 elementor-widget elementor-widget-text-editor\" data-id=\"26dfce8\" data-element_type=\"widget\" data-widget_type=\"text-editor.default\">\n\t\t\t\t<div class=\"elementor-widget-container\">\n\t\t\t\t\t\t\t\t\t\t\t\t\t<\/div>\n\t\t\t\t<\/div>\n\t\t\t\t<div class=\"elementor-element elementor-element-a3519d6 elementor-widget elementor-widget-image\" data-id=\"a3519d6\" data-element_type=\"widget\" data-widget_type=\"image.default\">\n\t\t\t\t<div class=\"elementor-widget-container\">\n\t\t\t\t\t\t\t\t\t\t\t\t\t\t\t<img decoding=\"async\" width=\"683\" height=\"1024\" src=\"https:\/\/toutaballouta.com\/wp-content\/uploads\/2024\/01\/andre.mata-6745-683x1024.jpg\" class=\"attachment-large size-large wp-image-1083\" alt=\"B.B.Q Porco Preto\" srcset=\"https:\/\/toutaballouta.com\/wp-content\/uploads\/2024\/01\/andre.mata-6745-683x1024.jpg 683w, https:\/\/toutaballouta.com\/wp-content\/uploads\/2024\/01\/andre.mata-6745-200x300.jpg 200w, https:\/\/toutaballouta.com\/wp-content\/uploads\/2024\/01\/andre.mata-6745-768x1152.jpg 768w, https:\/\/toutaballouta.com\/wp-content\/uploads\/2024\/01\/andre.mata-6745-1024x1536.jpg 1024w, https:\/\/toutaballouta.com\/wp-content\/uploads\/2024\/01\/andre.mata-6745-1365x2048.jpg 1365w, https:\/\/toutaballouta.com\/wp-content\/uploads\/2024\/01\/andre.mata-6745-scaled.jpg 1707w\" sizes=\"(max-width: 683px) 100vw, 683px\" \/>\t\t\t\t\t\t\t\t\t\t\t\t\t\t\t<\/div>\n\t\t\t\t<\/div>\n\t\t\t\t<div class=\"elementor-element elementor-element-48cd79e elementor-widget elementor-widget-heading\" data-id=\"48cd79e\" data-element_type=\"widget\" data-widget_type=\"heading.default\">\n\t\t\t\t<div class=\"elementor-widget-container\">\n\t\t\t<h6 class=\"elementor-heading-title elementor-size-default\">b.b.q porco preto<\/h6>\t\t<\/div>\n\t\t\t\t<\/div>\n\t\t\t\t\t<\/div>\n\t\t<\/div>\n\t\t\t\t<div class=\"elementor-column elementor-col-25 elementor-top-column elementor-element elementor-element-ab75172\" data-id=\"ab75172\" data-element_type=\"column\">\n\t\t\t<div class=\"elementor-widget-wrap elementor-element-populated\">\n\t\t\t\t\t\t\t\t<div class=\"elementor-element elementor-element-edad45d elementor-widget elementor-widget-image\" data-id=\"edad45d\" data-element_type=\"widget\" data-widget_type=\"image.default\">\n\t\t\t\t<div class=\"elementor-widget-container\">\n\t\t\t\t\t\t\t\t\t\t\t\t\t\t\t<img loading=\"lazy\" decoding=\"async\" width=\"683\" height=\"1024\" src=\"https:\/\/toutaballouta.com\/wp-content\/uploads\/2024\/01\/kafta-tuna-6-683x1024.jpg\" class=\"attachment-large size-large wp-image-1092\" alt=\"Kafta Tuna Lisboa\" srcset=\"https:\/\/toutaballouta.com\/wp-content\/uploads\/2024\/01\/kafta-tuna-6-683x1024.jpg 683w, https:\/\/toutaballouta.com\/wp-content\/uploads\/2024\/01\/kafta-tuna-6-200x300.jpg 200w, https:\/\/toutaballouta.com\/wp-content\/uploads\/2024\/01\/kafta-tuna-6-768x1152.jpg 768w, https:\/\/toutaballouta.com\/wp-content\/uploads\/2024\/01\/kafta-tuna-6-1024x1536.jpg 1024w, https:\/\/toutaballouta.com\/wp-content\/uploads\/2024\/01\/kafta-tuna-6.jpg 1342w\" sizes=\"(max-width: 683px) 100vw, 683px\" \/>\t\t\t\t\t\t\t\t\t\t\t\t\t\t\t<\/div>\n\t\t\t\t<\/div>\n\t\t\t\t<div class=\"elementor-element elementor-element-ae0f267 elementor-widget elementor-widget-heading\" data-id=\"ae0f267\" data-element_type=\"widget\" data-widget_type=\"heading.default\">\n\t\t\t\t<div class=\"elementor-widget-container\">\n\t\t\t<h6 class=\"elementor-heading-title elementor-size-default\">kafta tuna<\/h6>\t\t<\/div>\n\t\t\t\t<\/div>\n\t\t\t\t<div class=\"elementor-element elementor-element-4ee6bdf elementor-widget elementor-widget-text-editor\" data-id=\"4ee6bdf\" data-element_type=\"widget\" data-widget_type=\"text-editor.default\">\n\t\t\t\t<div class=\"elementor-widget-container\">\n\t\t\t\t\t\t\t\t\t\t\t\t\t<\/div>\n\t\t\t\t<\/div>\n\t\t\t\t<div class=\"elementor-element elementor-element-a5e2be2 elementor-widget elementor-widget-image\" data-id=\"a5e2be2\" data-element_type=\"widget\" data-widget_type=\"image.default\">\n\t\t\t\t<div class=\"elementor-widget-container\">\n\t\t\t\t\t\t\t\t\t\t\t\t\t\t\t<img loading=\"lazy\" decoding=\"async\" width=\"768\" height=\"1024\" src=\"https:\/\/toutaballouta.com\/wp-content\/uploads\/2024\/01\/IMG_3172-copy-768x1024.jpg\" class=\"attachment-large size-large wp-image-1310\" alt=\"Touta sobremesa\" srcset=\"https:\/\/toutaballouta.com\/wp-content\/uploads\/2024\/01\/IMG_3172-copy-768x1024.jpg 768w, https:\/\/toutaballouta.com\/wp-content\/uploads\/2024\/01\/IMG_3172-copy-225x300.jpg 225w, https:\/\/toutaballouta.com\/wp-content\/uploads\/2024\/01\/IMG_3172-copy-1152x1536.jpg 1152w, https:\/\/toutaballouta.com\/wp-content\/uploads\/2024\/01\/IMG_3172-copy-1536x2048.jpg 1536w, https:\/\/toutaballouta.com\/wp-content\/uploads\/2024\/01\/IMG_3172-copy-scaled.jpg 1920w\" sizes=\"(max-width: 768px) 100vw, 768px\" \/>\t\t\t\t\t\t\t\t\t\t\t\t\t\t\t<\/div>\n\t\t\t\t<\/div>\n\t\t\t\t<div class=\"elementor-element elementor-element-fb195de elementor-widget elementor-widget-heading\" data-id=\"fb195de\" data-element_type=\"widget\" data-widget_type=\"heading.default\">\n\t\t\t\t<div class=\"elementor-widget-container\">\n\t\t\t<h6 class=\"elementor-heading-title elementor-size-default\">souffl\u00e9 glac\u00e9 araq<\/h6>\t\t<\/div>\n\t\t\t\t<\/div>\n\t\t\t\t\t<\/div>\n\t\t<\/div>\n\t\t\t\t<div class=\"elementor-column elementor-col-25 elementor-top-column elementor-element elementor-element-e2f67d9\" data-id=\"e2f67d9\" data-element_type=\"column\">\n\t\t\t<div class=\"elementor-widget-wrap elementor-element-populated\">\n\t\t\t\t\t\t\t\t<div class=\"elementor-element elementor-element-927f0d7 elementor-widget elementor-widget-image\" data-id=\"927f0d7\" data-element_type=\"widget\" data-widget_type=\"image.default\">\n\t\t\t\t<div class=\"elementor-widget-container\">\n\t\t\t\t\t\t\t\t\t\t\t\t\t\t\t<img loading=\"lazy\" decoding=\"async\" width=\"683\" height=\"1024\" src=\"https:\/\/toutaballouta.com\/wp-content\/uploads\/2024\/01\/andre.mata-8792-683x1024.jpg\" class=\"attachment-large size-large wp-image-1151\" alt=\"Touta Mloukhieh\" srcset=\"https:\/\/toutaballouta.com\/wp-content\/uploads\/2024\/01\/andre.mata-8792-683x1024.jpg 683w, https:\/\/toutaballouta.com\/wp-content\/uploads\/2024\/01\/andre.mata-8792-200x300.jpg 200w, https:\/\/toutaballouta.com\/wp-content\/uploads\/2024\/01\/andre.mata-8792-768x1152.jpg 768w, https:\/\/toutaballouta.com\/wp-content\/uploads\/2024\/01\/andre.mata-8792-1024x1536.jpg 1024w, https:\/\/toutaballouta.com\/wp-content\/uploads\/2024\/01\/andre.mata-8792-1365x2048.jpg 1365w, https:\/\/toutaballouta.com\/wp-content\/uploads\/2024\/01\/andre.mata-8792-scaled.jpg 1707w\" sizes=\"(max-width: 683px) 100vw, 683px\" \/>\t\t\t\t\t\t\t\t\t\t\t\t\t\t\t<\/div>\n\t\t\t\t<\/div>\n\t\t\t\t<div class=\"elementor-element elementor-element-dd9ab9d elementor-widget elementor-widget-heading\" data-id=\"dd9ab9d\" data-element_type=\"widget\" data-widget_type=\"heading.default\">\n\t\t\t\t<div class=\"elementor-widget-container\">\n\t\t\t<h6 class=\"elementor-heading-title elementor-size-default\">mloukhieh<\/h6>\t\t<\/div>\n\t\t\t\t<\/div>\n\t\t\t\t<div class=\"elementor-element elementor-element-6afada7 elementor-widget elementor-widget-text-editor\" data-id=\"6afada7\" data-element_type=\"widget\" data-widget_type=\"text-editor.default\">\n\t\t\t\t<div class=\"elementor-widget-container\">\n\t\t\t\t\t\t\t\t\t\t\t\t\t<\/div>\n\t\t\t\t<\/div>\n\t\t\t\t<div class=\"elementor-element elementor-element-0187510 elementor-widget elementor-widget-image\" data-id=\"0187510\" data-element_type=\"widget\" data-widget_type=\"image.default\">\n\t\t\t\t<div class=\"elementor-widget-container\">\n\t\t\t\t\t\t\t\t\t\t\t\t\t\t\t<img loading=\"lazy\" decoding=\"async\" width=\"683\" height=\"1024\" src=\"https:\/\/toutaballouta.com\/wp-content\/uploads\/2024\/01\/andre.mata-6393-683x1024.jpg\" class=\"attachment-large size-large wp-image-1052\" alt=\"bebida com plantas\" srcset=\"https:\/\/toutaballouta.com\/wp-content\/uploads\/2024\/01\/andre.mata-6393-683x1024.jpg 683w, https:\/\/toutaballouta.com\/wp-content\/uploads\/2024\/01\/andre.mata-6393-200x300.jpg 200w, https:\/\/toutaballouta.com\/wp-content\/uploads\/2024\/01\/andre.mata-6393-768x1152.jpg 768w, https:\/\/toutaballouta.com\/wp-content\/uploads\/2024\/01\/andre.mata-6393-1024x1536.jpg 1024w, https:\/\/toutaballouta.com\/wp-content\/uploads\/2024\/01\/andre.mata-6393-1365x2048.jpg 1365w, https:\/\/toutaballouta.com\/wp-content\/uploads\/2024\/01\/andre.mata-6393-scaled.jpg 1707w\" sizes=\"(max-width: 683px) 100vw, 683px\" \/>\t\t\t\t\t\t\t\t\t\t\t\t\t\t\t<\/div>\n\t\t\t\t<\/div>\n\t\t\t\t<div class=\"elementor-element elementor-element-c88f60a elementor-widget elementor-widget-heading\" data-id=\"c88f60a\" data-element_type=\"widget\" data-widget_type=\"heading.default\">\n\t\t\t\t<div class=\"elementor-widget-container\">\n\t\t\t<h6 class=\"elementor-heading-title elementor-size-default\">Freekeh daiquiri<\/h6>\t\t<\/div>\n\t\t\t\t<\/div>\n\t\t\t\t\t<\/div>\n\t\t<\/div>\n\t\t\t\t\t\t\t<\/div>\n\t\t<\/section>\n\t\t\t\t\t\t\t<\/div>\n\t\t","protected":false},"excerpt":{"rendered":"<p>nosso menu Oferecemos um menu sazonal que apresenta a frescura dos ingredientes locais e incorpora produtos libaneses artesanais de alta qualidade. Cozinha Livre &#8220;Cozinha livre&#8221; significa &#8220;cozinha de estilo livre&#8221;. Num contexto culin\u00e1rio, refere-se geralmente a um estilo de cozinha que enfatiza a criatividade, a flexibilidade e a liberdade em rela\u00e7\u00e3o a tradi\u00e7\u00f5es culin\u00e1rias rigorosas. &hellip;<\/p>\n<p class=\"read-more\"> <a class=\"\" href=\"https:\/\/toutaballouta.com\/?page_id=1423&#038;lang=pt\"> <span class=\"screen-reader-text\">Menu &#8211; PT<\/span> Read More &raquo;<\/a><\/p>\n","protected":false},"author":1,"featured_media":0,"parent":0,"menu_order":0,"comment_status":"closed","ping_status":"closed","template":"","meta":{"om_disable_all_campaigns":false,"_monsterinsights_skip_tracking":false,"_monsterinsights_sitenote_active":false,"_monsterinsights_sitenote_note":"","_monsterinsights_sitenote_category":0,"site-sidebar-layout":"no-sidebar","site-content-layout":"page-builder","ast-site-content-layout":"full-width-container","site-content-style":"unboxed","site-sidebar-style":"unboxed","ast-global-header-display":"","ast-banner-title-visibility":"","ast-main-header-display":"","ast-hfb-above-header-display":"","ast-hfb-below-header-display":"","ast-hfb-mobile-header-display":"","site-post-title":"disabled","ast-breadcrumbs-content":"","ast-featured-img":"disabled","footer-sml-layout":"","theme-transparent-header-meta":"enabled","adv-header-id-meta":"","stick-header-meta":"","header-above-stick-meta":"","header-main-stick-meta":"","header-below-stick-meta":"","astra-migrate-meta-layouts":"set","_themeisle_gutenberg_block_has_review":false,"footnotes":""},"aioseo_notices":[],"_links":{"self":[{"href":"https:\/\/toutaballouta.com\/index.php?rest_route=\/wp\/v2\/pages\/1423"}],"collection":[{"href":"https:\/\/toutaballouta.com\/index.php?rest_route=\/wp\/v2\/pages"}],"about":[{"href":"https:\/\/toutaballouta.com\/index.php?rest_route=\/wp\/v2\/types\/page"}],"author":[{"embeddable":true,"href":"https:\/\/toutaballouta.com\/index.php?rest_route=\/wp\/v2\/users\/1"}],"replies":[{"embeddable":true,"href":"https:\/\/toutaballouta.com\/index.php?rest_route=%2Fwp%2Fv2%2Fcomments&post=1423"}],"version-history":[{"count":23,"href":"https:\/\/toutaballouta.com\/index.php?rest_route=\/wp\/v2\/pages\/1423\/revisions"}],"predecessor-version":[{"id":1929,"href":"https:\/\/toutaballouta.com\/index.php?rest_route=\/wp\/v2\/pages\/1423\/revisions\/1929"}],"wp:attachment":[{"href":"https:\/\/toutaballouta.com\/index.php?rest_route=%2Fwp%2Fv2%2Fmedia&parent=1423"}],"curies":[{"name":"wp","href":"https:\/\/api.w.org\/{rel}","templated":true}]}}